, 31, 61
Suppose 0*n - 3*n + 30 = 3*a, -5*a + 10 = -3*n. Suppose -4*b = -a*y - 307, b - 36 = -2*y + 31. List the prime factors of b.
73
Suppose 0 = 4*m - 3*m. Suppose 5*l - 4*g - 72 = 3*l, -4*l - 4*g + 96 = m. What are the prime factors of l?
2, 7
Suppose -5*c = -3*u - 10678, 15*u - 10677 = -5*c + 17*u. List the prime factors of c.
5, 7, 61
What are the prime factors of (-837)/(-10) + 0 - (-231)/770?
2, 3, 7
Let u(b) = 3*b**2 - b - 1. Let h be u(-1). Suppose 0 = 4*w - 5*w - h*j + 46, 4*w - 132 = j. Suppose -4*k - 10 = -w. What are the prime factors of k?
2, 3
Let v be 0/1*14/(-28). Suppose 4*h - 2*h - 178 = v. What are the prime factors of h?
89
Let d(j) = 4*j**2 + 4*j + 10. Let q be d(-13). Let k = 41 + q. List the prime factors of ((-2)/6)/((-5)/k).
3, 5
Let p(a) = -a**3 - 39*a**2 - 13*a + 36. What are the prime factors of p(-40)?
2, 7, 11
Suppose 45 = -4*y - 11*y. What are the prime factors of (2/(-4))/(y/1086)?
181
Suppose -19*h + 103 = -18*h. What are the prime factors of h?
103
List the prime factors of 17*(224/(-6))/(27/(-81)).
2, 7, 17
Let x(f) = -6*f**3 - 8*f**2 - 13*f + 31. What are the prime factors of x(-6)?
1117
Suppose -g = 2*g + i - 1447, -2*g + 943 = 5*i. What are the prime factors of g?
2, 11
Suppose m - 3 = -i, -5*m + 4*i + 15 = -9. Suppose 4*s + 5*g = 17, -m*s + 2*g = -0*g - 10. Suppose -18 = -s*n - n - 5*p, 6 = -3*p. List the prime factors of n.
7
Let u = 246 - -1208. List the prime factors of u.
2, 727
Suppose 3*g = 3*l - 5181, -l = g + 2*g - 1731. What are the prime factors of l?
2, 3
Suppose 0 = 10*t - 5617 + 457. What are the prime factors of t?
2, 3, 43
Let t = 4100 + -2076. What are the prime factors of t?
2, 11, 23
Let q(g) = -11*g**3 + 30*g**2 - 31*g + 57. Let c(v) = -5*v**3 + 15*v**2 - 16*v + 28. Let m(i) = -9*c(i) + 4*q(i). What are the prime factors of m(14)?
2, 3, 5
Suppose 12*c - 1469 = -c. Suppose -95 = -2*k + c. List the prime factors of k.
2, 13
Suppose 0 = 11*q + 2*q. Let g = 12 + -4. Suppose 2*h - g = -q*h. List the prime factors of h.
2
Suppose 16 - 24 = w. Let b(m) = m**2 - 14*m - 26. What are the prime factors of b(w)?
2, 3, 5
Let q be -3*(-20)/15 + -1. Suppose -q*x = -4*x + 138. Suppose 7*a - x = 2*a - 4*f, 18 = a - 4*f. List the prime factors of a.
2, 13
Let w(v) = v**3 + 3*v**2 - 2*v + 205. What are the prime factors of w(0)?
5, 41
Let d be (-5)/(-25) + (-3)/15. Suppose -j + d = -2. Suppose 5*l - 39 = j*l. What are the prime factors of l?
13
Let q(h) = 50*h + 110. List the prime factors of q(5).
2, 3, 5
Let r = 1304 + 32. What are the prime factors of r?
2, 167
Let u(n) = -n**2 - 11*n + 11. Let i be u(-11). Let j(s) = -8*s - 7. Let t be j(-7). Suppose -t = -f + i. What are the prime factors of f?
2, 3, 5
Let a(o) = -2*o - 2 + 0*o - 3*o**2 - 2*o + o - 3*o**3. Suppose 5*d + 12 = 2. What are the prime factors of a(d)?
2
Suppose 537 = v + 2*v. Let d = -100 + v. What are the prime factors of d?
79
Let r(j) = j**3 + 12*j**2 + 3*j - 15. Let m be r(-11). Let b = m - 37. What are the prime factors of b?
2, 3
Let q(t) = -4*t - 2 + 0 - t + 4*t. Let u be q(-6). Suppose -5*y + 50 = 2*k - 87, 0 = -5*y + u*k + 161. List the prime factors of y.
29
Suppose p = 3132 - 1735. What are the prime factors of p?
11, 127
Let q = -3826 + 9496. What are the prime factors of q?
2, 3, 5, 7
Suppose -2*f - 47526 = -3*s - s, -2*s + 23769 = -3*f. What are the prime factors of (2 - 7/2) + s/48?
2, 3, 41
Let u be (19/4)/((-5)/(-20)). Let b = u - 19. Suppose b = 4*n - 3*j - 180, 3*n - j - 128 = 3*j. List the prime factors of n.
2, 3
Let f(u) be the second derivative of -u**5/20 - 5*u**4/6 + 3*u**3/2 + u**2 + 15*u. What are the prime factors of f(-11)?
2, 3
Suppose 4*p = r - 20, -r + 4*p = -5*r. Suppose -2*n + n = -64. Suppose -n = -r*v - 16. List the prime factors of v.
2, 3
Let s(z) = z**2 - 9*z + 12. Let x(c) = -c + 9. Let k be x(0). Let d be s(k). Suppose -b + d = 3*n - 0, -3*n = -3*b + 24. What are the prime factors of b?
3
Suppose 5*o + 354 = 2*v, -470 = -4*v - 3*o + 238. Suppose -2*n + 3*h = -v, -n + 5*h = -109 + 17. List the prime factors of n.
3, 29
Suppose -17*a = -16941 + 3596. What are the prime factors of a?
5, 157
List the prime factors of 1/(36/6 + 5855/(-976)).
2, 61
Suppose 2*h = -3*h + 10. Let f be (0 - (-1 - -1)) + h. Suppose 30 - 4 = f*u. What are the prime factors of u?
13
Let m = 1145 + -527. What are the prime factors of m?
2, 3, 103
Let t = 86 + -92. Let r(j) = -25*j - 15. List the prime factors of r(t).
3, 5
Let j(p) = 23*p**2 + 23*p + 24. What are the prime factors of j(12)?
2, 3, 7, 43
Let p = 70 - 67. Suppose -3*z = -p*w - 285, -w + 103 = z - 4*w. List the prime factors of z.
7, 13
Let t = -3 + 8. Suppose t*f - 122 = 358. What are the prime factors of f?
2, 3
Let z = 17 - 12. Let u = -5 + z. Suppose -2*g = -u*g + 10, 4*g = -i - 3. What are the prime factors of i?
17
Suppose -61*b + 2918 + 13308 = 0. List the prime factors of b.
2, 7, 19
Let r be (-4)/6 + 259/(-21). Let z = 13 + r. Suppose 5*m = z, -4*c + 3*m + 77 = 5. List the prime factors of c.
2, 3
Suppose 0 = -2*l - l + 2*k + 190, 3*l + 2*k - 194 = 0. What are the prime factors of l?
2
Let n be (28/20 - 3)*5. Let m(b) = -2*b - 9. Let l be m(n). What are the prime factors of (l/3)/(5/15)?
7
Suppose 4*k + 2009 = 2*f + 3*f, 5 = -5*k. Let r = f + -212. List the prime factors of r.
3, 7
Let j(k) = 4*k + 6. Let v be j(-3). What are the prime factors of (1 - 15)/((-7)/((-42)/v))?
2, 7
Suppose 0 = -8*q + 14 + 26. Suppose 3*m - 333 = -4*z + z, 5*m + 515 = q*z. What are the prime factors of z?
107
Suppose -5*c = n + 46, -4*c + 0*c - 5*n - 41 = 0. Let o = c + 9. Suppose -3*j + 9 = o, 88 + 8 = 4*x - 4*j. What are the prime factors of x?
3
Let s(r) be the first derivative of -r**4/4 + 8*r**3/3 - 5*r**2 + 8*r + 11. Let v be s(7). What are the prime factors of 3 + v/(26/(-48))?
3
Let a(b) = 2*b**2 - 4*b - 11. Let u be a(-5). Let k = -32 + u. What are the prime factors of k?
3
Suppose -3*f + 92 = 20. List the prime factors of 457/4 - 6/f.
2, 3, 19
Let n be (53 + 7)/((-4)/3 - -2). Suppose 0 = -5*u + 100 + n. List the prime factors of u.
2, 19
Let g be (-12)/(-24) + (-23)/2. Let v(f) = -18*f - 35. What are the prime factors of v(g)?
163
Suppose 4335 = 4*x - 5*d, -d = 10*x - 6*x - 4341. What are the prime factors of x?
5, 7, 31
What are the prime factors of 725 + -7 + 0 + -6?
2, 89
Let l(j) = -8*j + 1. Let c(f) = -9*f. Let n(z) = 5*c(z) - 6*l(z). Let b be n(5). Let k = b - 3. What are the prime factors of k?
2, 3
Let x = 7 - -6. Suppose -2*c = 3*p - 62, 3*p + 7*c = 2*c + 56. Suppose -p = -5*g + x. List the prime factors of g.
7
Let b be 6/(-9) - 926/(-3). Suppose -4*q - 5*r + 400 = q, 2*r + b = 4*q. List the prime factors of q.
2, 3, 13
Suppose 1869 = 2*h - 3*n, -5*h + 4753 - 63 = -4*n. List the prime factors of h.
2, 3, 157
Let v = -3 - -5. Suppose -v*g = -3*g + 48. Let j = 79 - g. List the prime factors of j.
31
Suppose 0 = d + 2*x - 11, -3 = -3*d - 4*x + 26. Suppose 0 = 10*c - d*c. Suppose -5*u = 3*h - 21, 5*u + h - 17 = -c*h. What are the prime factors of u?
3
Suppose -5400 = -18*i + 13302. List the prime factors of i.
1039
Suppose j - 2*i = 1179, j - 228 = -3*i + 976. List the prime factors of j.
29, 41
Suppose 4*u + 2*u + 2424 = 0. What are the prime factors of (-5 - -4)/(3 - u/(-134))?
67
Suppose -2*y = -y - 72. Suppose 32*s = 28*s + y. List the prime factors of s.
2, 3
Let a be (-12)/(1 + 3) + 6. Suppose 0 = a*o - 5*o - 3*u + 1, 0 = 2*o + 5*u + 1. Suppose 5*z + 4*b = 331, o*z - 208 = -5*b - 62. What are the prime factors of z?
3, 7
Suppose -2 = -3*s + 2*s. Suppose 2*z - h - 4*h = -33, -s*z = -4*h + 28. What are the prime factors of (z/10)/((-6)/30)?
2
What are the prime factors of (5643/(-1188))/(0 - (-1)/(-268))?
19, 67
Let j(s) = 4*s**2 - 1. Let p be j(-1). Let m be (18/12)/(p/92). Suppose 0 = -3*o + 4*h + m + 27, -o = -2*h - 27. List the prime factors of o.
19
Let h be (6 - 6)/(4/(-2)). Let t be (-15)/6*(h - 2). Suppose t*j + 1 = 106. List the prime factors of j.
3, 7
Let d = -188 + 637. What are the prime factors of d?
449
Let t be 4 - (2 - 1 - 1). Suppose h - i = 4*h - 383, -t*h - 3*i + 509 = 0. List the prime factors of h.
2
Let l(o) = -8*o**3 + 5*o + 9. Let s be l(-4). Suppose 0 = -7*q + 10 + s. What are the prime factors of q?
73
Let i be (-3 + 12)*-1*(